{"id":1408,"date":"2023-06-19T14:49:08","date_gmt":"2023-06-19T12:49:08","guid":{"rendered":"https:\/\/www.lesprojekt.cz\/?page_id=1408"},"modified":"2023-06-19T14:49:08","modified_gmt":"2023-06-19T12:49:08","slug":"stargate","status":"publish","type":"page","link":"https:\/\/www.lesprojekt.cz\/?page_id=1408&lang=en","title":{"rendered":"STARGATE"},"content":{"rendered":"<p>Lesprojekt &#8211; slu\u017eby s.r.o. je partnerem projektu.<br>V\u00edce informac\u00ed:<br><a href=\"https:\/\/www.stargate-h2020.eu\/project\/\">https:\/\/www.stargate-h2020.eu\/project\/<\/a><\/p>\n<p><!--:--><!--:en--><\/p>\n<p>STARGATE EU project will identify the vulnerabilities of current farming systems, landscape management, models, methods and practices related to climate change and conduct a thorough requirements&#8216; analysis for the Climate Smart Agriculture (CSA) on the basis of which it will shape the stakeholder community.<\/p>\n<p>Based on the requirements&#8216; analysis STARGATE will develop the data framework and the climate smart decision support tools, that will be used by farmers and policymakers to manage local and regional microclimate more efficiently.<\/p>\n\n\n<figure class=\"wp-block-image size-large\"><img loading=\"lazy\" decoding=\"async\" width=\"134\" height=\"116\" src=\"http:\/\/www.lesprojekt.cz\/wp-content\/uploads\/2020\/06\/stargate-logo.png\" alt=\"\" class=\"wp-image-852\"\/><\/figure>\n\n\n\n<p>Lesprojekt &#8211; sluzby Ltd. is a partner of the project.<br>More information:<br><a href=\"https:\/\/www.stargate-h2020.eu\/project\/\">https:\/\/www.stargate-h2020.eu\/project\/<\/a><\/p>\n","protected":false},"excerpt":{"rendered":"<p>Lesprojekt &#8211; slu\u017eby s.r.o. je partnerem projektu.V\u00edce informac\u00ed:https:\/\/www.stargate-h2020.eu\/project\/ STARGATE EU project will identify the vulnerabilities of current farming systems, landscape management, models, methods and practices related to climate change and conduct a thorough requirements&#8216; analysis for the Climate Smart Agriculture (CSA) on the basis of which it will shape the stakeholder community. Based on the [&hellip;]<\/p>\n","protected":false},"author":1,"featured_media":0,"parent":0,"menu_order":0,"comment_status":"closed","ping_status":"closed","template":"","meta":{"footnotes":""},"class_list":["post-1408","page","type-page","status-publish","hentry"],"_links":{"self":[{"href":"https:\/\/www.lesprojekt.cz\/index.php?rest_route=\/wp\/v2\/pages\/1408","targetHints":{"allow":["GET"]}}],"collection":[{"href":"https:\/\/www.lesprojekt.cz\/index.php?rest_route=\/wp\/v2\/pages"}],"about":[{"href":"https:\/\/www.lesprojekt.cz\/index.php?rest_route=\/wp\/v2\/types\/page"}],"author":[{"embeddable":true,"href":"https:\/\/www.lesprojekt.cz\/index.php?rest_route=\/wp\/v2\/users\/1"}],"replies":[{"embeddable":true,"href":"https:\/\/www.lesprojekt.cz\/index.php?rest_route=%2Fwp%2Fv2%2Fcomments&post=1408"}],"version-history":[{"count":1,"href":"https:\/\/www.lesprojekt.cz\/index.php?rest_route=\/wp\/v2\/pages\/1408\/revisions"}],"predecessor-version":[{"id":1411,"href":"https:\/\/www.lesprojekt.cz\/index.php?rest_route=\/wp\/v2\/pages\/1408\/revisions\/1411"}],"wp:attachment":[{"href":"https:\/\/www.lesprojekt.cz\/index.php?rest_route=%2Fwp%2Fv2%2Fmedia&parent=1408"}],"curies":[{"name":"wp","href":"https:\/\/api.w.org\/{rel}","templated":true}]}}