{"id":859,"date":"2020-06-01T17:08:48","date_gmt":"2020-06-01T15:08:48","guid":{"rendered":"http:\/\/www.lesprojekt.cz\/?page_id=859"},"modified":"2023-06-19T14:47:50","modified_gmt":"2023-06-19T12:47:50","slug":"sieusoil","status":"publish","type":"page","link":"https:\/\/www.lesprojekt.cz\/?page_id=859","title":{"rendered":"SIEUSOIL"},"content":{"rendered":"<p><!--:cs-->SIEUSOIL (Sino-EU Observato\u0159 p\u016fdy pro inteligentn\u00ed spr\u00e1vu a vyu\u017eit\u00ed p\u016fdy) si klade za c\u00edl vyvinout udr\u017eiteln\u00e9 komplexn\u00ed postupy hospoda\u0159en\u00ed s p\u016fdou zalo\u017een\u00e9 na harmonizovan\u00e9m syst\u00e9mu informac\u00ed o p\u016fd\u011b, kter\u00fd je vhodn\u00fd pro r\u016fzn\u00e9 klimatick\u00e9 a provozn\u00ed podm\u00ednky na r\u016fzn\u00fdch m\u00edstech EU a \u010c\u00edny.<\/p>\n<p>Bude vyvinuta v\u00fdzkumn\u00e1 platforma skl\u00e1daj\u00edc\u00ed se z pokro\u010dil\u00fdch n\u00e1stroj\u016f pro sn\u00edm\u00e1n\u00ed plodin a p\u016fdy, modelov\u00e1n\u00ed a f\u00faze dat, digit\u00e1ln\u00edho mapov\u00e1n\u00ed p\u016fdy a informa\u010dn\u00edch syst\u00e9m\u016f pro spr\u00e1vu zem\u011bd\u011blsk\u00fdch podnik\u016f, aby se maximalizovala produktivita p\u016fdy a socioekonomick\u00e9 p\u0159\u00ednosy a z\u00e1rove\u0148 minimalizovaly dopady na \u017eivotn\u00ed prost\u0159ed\u00ed.<br><a href=\"https:\/\/www.sieusoil.eu\/cs\/sieusoil-cz\/#\">https:\/\/www.sieusoil.eu\/cs\/sieusoil-cz\/#<\/a><\/p>\n\n\n<figure class=\"wp-block-image size-large\"><img loading=\"lazy\" decoding=\"async\" width=\"309\" height=\"299\" src=\"http:\/\/www.lesprojekt.cz\/wp-content\/uploads\/2020\/06\/sieusoil_logo.png\" alt=\"\" class=\"wp-image-881\" srcset=\"https:\/\/www.lesprojekt.cz\/wp-content\/uploads\/2020\/06\/sieusoil_logo.png 309w, https:\/\/www.lesprojekt.cz\/wp-content\/uploads\/2020\/06\/sieusoil_logo-300x290.png 300w\" sizes=\"auto, (max-width: 309px) 100vw, 309px\" \/><\/figure>\n","protected":false},"excerpt":{"rendered":"<p>SIEUSOIL (Sino-EU Observato\u0159 p\u016fdy pro inteligentn\u00ed spr\u00e1vu a vyu\u017eit\u00ed p\u016fdy) si klade za c\u00edl vyvinout udr\u017eiteln\u00e9 komplexn\u00ed postupy hospoda\u0159en\u00ed s p\u016fdou zalo\u017een\u00e9 na harmonizovan\u00e9m syst\u00e9mu informac\u00ed o p\u016fd\u011b, kter\u00fd je vhodn\u00fd pro r\u016fzn\u00e9 klimatick\u00e9 a provozn\u00ed podm\u00ednky na r\u016fzn\u00fdch m\u00edstech EU a \u010c\u00edny. Bude vyvinuta v\u00fdzkumn\u00e1 platforma skl\u00e1daj\u00edc\u00ed se z pokro\u010dil\u00fdch n\u00e1stroj\u016f pro sn\u00edm\u00e1n\u00ed plodin [&hellip;]<\/p>\n","protected":false},"author":1,"featured_media":0,"parent":19,"menu_order":0,"comment_status":"closed","ping_status":"closed","template":"","meta":{"footnotes":""},"class_list":["post-859","page","type-page","status-publish","hentry"],"_links":{"self":[{"href":"https:\/\/www.lesprojekt.cz\/index.php?rest_route=\/wp\/v2\/pages\/859","targetHints":{"allow":["GET"]}}],"collection":[{"href":"https:\/\/www.lesprojekt.cz\/index.php?rest_route=\/wp\/v2\/pages"}],"about":[{"href":"https:\/\/www.lesprojekt.cz\/index.php?rest_route=\/wp\/v2\/types\/page"}],"author":[{"embeddable":true,"href":"https:\/\/www.lesprojekt.cz\/index.php?rest_route=\/wp\/v2\/users\/1"}],"replies":[{"embeddable":true,"href":"https:\/\/www.lesprojekt.cz\/index.php?rest_route=%2Fwp%2Fv2%2Fcomments&post=859"}],"version-history":[{"count":9,"href":"https:\/\/www.lesprojekt.cz\/index.php?rest_route=\/wp\/v2\/pages\/859\/revisions"}],"predecessor-version":[{"id":1407,"href":"https:\/\/www.lesprojekt.cz\/index.php?rest_route=\/wp\/v2\/pages\/859\/revisions\/1407"}],"up":[{"embeddable":true,"href":"https:\/\/www.lesprojekt.cz\/index.php?rest_route=\/wp\/v2\/pages\/19"}],"wp:attachment":[{"href":"https:\/\/www.lesprojekt.cz\/index.php?rest_route=%2Fwp%2Fv2%2Fmedia&parent=859"}],"curies":[{"name":"wp","href":"https:\/\/api.w.org\/{rel}","templated":true}]}}

<p><!--:cs-->SIEUSOIL (Sino-EU Observatoř půdy pro inteligentní správu a využití půdy) si klade za cíl vyvinout udržitelné komplexní postupy hospodaření s půdou založené na harmonizovaném systému informací o půdě, který je vhodný pro různé klimatické a provozní podmínky na různých místech EU a Číny.</p>
<p>Bude vyvinuta výzkumná platforma skládající se z pokročilých nástrojů pro snímání plodin a půdy, modelování a fúze dat, digitálního mapování půdy a informačních systémů pro správu zemědělských podniků, aby se maximalizovala produktivita půdy a socioekonomické přínosy a zároveň minimalizovaly dopady na životní prostředí.<br><a href="https://www.sieusoil.eu/cs/sieusoil-cz/#">https://www.sieusoil.eu/cs/sieusoil-cz/#</a></p>


<figure class="wp-block-image size-large"><img loading="lazy" decoding="async" width="309" height="299" src="http://www.lesprojekt.cz/wp-content/uploads/2020/06/sieusoil_logo.png" alt="" class="wp-image-881" srcset="https://www.lesprojekt.cz/wp-content/uploads/2020/06/sieusoil_logo.png 309w, https://www.lesprojekt.cz/wp-content/uploads/2020/06/sieusoil_logo-300x290.png 300w" sizes="auto, (max-width: 309px) 100vw, 309px" /></figure>

<p>SIEUSOIL (Sino-EU Observatoř půdy pro inteligentní správu a využití půdy) si klade za cíl vyvinout udržitelné komplexní postupy hospodaření s půdou založené na harmonizovaném systému informací o půdě, který je vhodný pro různé klimatické a provozní podmínky na různých místech EU a Číny. Bude vyvinuta výzkumná platforma skládající se z pokročilých nástrojů pro snímání plodin [&hellip;]</p>
